4*s + 594. List the prime factors of (6/4)/((-27)/s).
11
Suppose -3*x = -26 - 10. Let s be 3/x - (-3541)/(-4). What are the prime factors of s/(-33) + (-4)/(-22)?
3
What are the prime factors of ((-74739)/(-7))/(39/13)?
3559
Suppose 0 = -261*y + 278*y - 25058. List the prime factors of y.
2, 11, 67
Let c be (770/(-15))/(-7)*12/(-4). Let f = -100 - -145. Let o = f + c. What are the prime factors of o?
23
Let j(s) be the first derivative of -10*s**3/3 - s**2/2 + 3*s + 4. Let w be j(-3). Let x = w + 118. What are the prime factors of x?
2, 17
Suppose 22 = 3*u + c, 6*u = 3*u + 5*c + 34. Let q = 9 + u. What are the prime factors of q?
17
Suppose 138 = -6*j + 8*j. What are the prime factors of (-6)/(2/(-2) + 3) + j?
2, 3, 11
Let b be -14 - ((5 - 2) + -6). Let h be 1/(-2) + (-27)/(-2). Let s = b + h. List the prime factors of s.
2
Suppose -2*o + 10 = 0, 3*c + o + 48 = -7. Let y = 39 + c. What are the prime factors of y?
19
Let h(k) = -2*k - 1. Let r(f) = f + 1. Let w(u) = 5*h(u) + 6*r(u). Let i be w(-2). Suppose -i = -0*g - g. What are the prime factors of g?
3
Let n be (-2)/1*2770/(-5). Suppose 4*i - 670 = -3*y, n = 5*i - 5*y + 288. What are the prime factors of i?
2, 83
Let o(c) = 83*c + 258. List the prime factors of o(17).
1669
Let j(r) = -6*r**3 + 5*r**2 + 5*r + 1. Let b = -65 - -62. List the prime factors of j(b).
193
Let b be 66/14 - ((-48)/28)/6. List the prime factors of 4/b + (-761)/(-5).
3, 17
Let g(u) = -u**3 + 4*u**2 - 3*u + 3. Suppose -2*c + 20 = 3*c. Let i be g(c). List the prime factors of (-480)/(-27) - 2/i.
2, 3
Let t = 1317 - 767. What are the prime factors of t?
2, 5, 11
Let c be (-2)/11 - 36*40/(-176). List the prime factors of (-3)/(-1)*((-696)/(-9))/c.
29
Let j = -67 + 68. List the prime factors of -22 + 23 + 32 + j.
2, 17
Let p = 41 + 42. Suppose -29 = -i + p. List the prime factors of i.
2, 7
List the prime factors of 2841*(-1)/(-1)*4/12.
947
Let c(a) = -225*a - 41. What are the prime factors of c(-2)?
409
Suppose -6916 = -28*w + 21*w. What are the prime factors of w?
2, 13, 19
Suppose 3*g - 16 = 89. Suppose g*u - 55 = 30*u. Let v = u - 7. What are the prime factors of v?
2
Let u be 35/15*21 + 3. List the prime factors of 0 + 1 + 1 + u.
2, 3
Let n(x) = -x**3 - 12*x**2 - 15*x - 10. Let i be -2 - -4*27/(-12). What are the prime factors of n(i)?
2, 17
Let d(x) = 20*x**3 - 18*x**2 + 9*x - 5. What are the prime factors of d(6)?
61
Let a(p) = 52*p**2 - 42 - p + 42. Let y(d) = d**2 + 4*d + 4. Let z be y(-3). What are the prime factors of a(z)?
3, 17
Suppose -1566 - 879 = 5*j. Let y = 185 + j. List the prime factors of y/(-40)*(-5)/(-2).
19
Let m = 0 + -1. Suppose 0 = -2*h - t + 11, 4*h - 2*t - 26 = -0*t. Let y = h - m. List the prime factors of y.
7
Suppose -12 = n - 2*i + 43, 5*i - 255 = 5*n. Suppose -5*y + 10 = 0, 0 = 2*p + 3*y + 37 + 5. Let b = p - n. List the prime factors of b.
23
Let y = -8 - -10. Suppose -y*k = -0*k. Suppose k = r - 31 + 5. List the prime factors of r.
2, 13
Suppose -s + 79 = -0*s. Let l = 353 + -206. Let d = l - s. List the prime factors of d.
2, 17
List the prime factors of (5 + -6)*13*(-12)/1.
2, 3, 13
Suppose 6*g = 124 + 278. Let a = g + -34. List the prime factors of a.
3, 11
Let d = -3907 + 5715. What are the prime factors of d?
2, 113
Let n be 2*1*(-65)/(-26). Let y(t) = 2*t - 1. Let a be y(-7). List the prime factors of n/(-1)*24/a.
2
Let s(i) = i**2 - 9 - 10 + 10 - 4 - 10*i. What are the prime factors of s(-6)?
83
Suppose -54*p + 4428 = -48*p. List the prime factors of p.
2, 3, 41
Let q(f) = 475*f**2 + f. Let g be q(-1). Suppose -r = 5*r - g. List the prime factors of r.
79
Let d(l) = -9*l + 31. Let s be d(-10). Suppose 0 = -7*m + 1129 - s. What are the prime factors of m?
2, 3
Let w(l) = 7*l + 20. Let x = -13 + 17. List the prime factors of w(x).
2, 3
List the prime factors of -18*(6/2*1 + -91).
2, 3, 11
Let h = 2708 - 1677. Suppose 0 = 7*v - h - 334. What are the prime factors of v?
3, 5, 13
Let u = 3 + -6. Let m(a) = 4*a**2 + 6*a - 1. Let t be m(-2). List the prime factors of 21*(3 + u/t).
2, 3, 7
Let u(f) = 515*f + 142. List the prime factors of u(7).
3, 1249
Let o be 24*(-1 + (-6)/9 + 2). Suppose 10*b = o*b + 142. List the prime factors of b.
71
Let p = 585 + -159. What are the prime factors of p?
2, 3, 71
Suppose 5*h - 11 = 4. Let n be h/(3 - (-102)/(-33)). Let j = n - -69. What are the prime factors of j?
2, 3
Let b be (-13)/(-7) + 10/70. Suppose -b*c - j = -5*c + 444, 0 = 3*j. What are the prime factors of c?
2, 37
Suppose 7*p + 65 = 2. List the prime factors of ((-84)/8)/(p/(-84)*-2).
7
Let l = 1456 + -1004. List the prime factors of l.
2, 113
Let u = 41 - 107. Let x be u/55*-5*9. Suppose -3*m - 3*t + x = 0, 0 = 2*m - 3*t - 17 + 1. List the prime factors of m.
2, 7
Let g(y) = -48*y - 133. List the prime factors of g(-21).
5, 7
Let x(h) = 38*h. Let n(g) = 38*g. Let p(q) = 6*n(q) - 7*x(q). What are the prime factors of p(-2)?
2, 19
Let d(p) = -p**2 + 13*p + 16. Let j be d(14). Let a be -35*j*6/(-15). Let x = a + -13. List the prime factors of x.
3, 5
Let x = 74 + 44. Suppose -x + 50 = -r. What are the prime factors of r?
2, 17
Let m = -527 - -1144. What are the prime factors of m?
617
What are the prime factors of 32908/32 + 9/(-24)?
2, 257
Suppose -5*x - 2*g - 11 - 90 = 0, 2*g - 67 = 3*x. Let l = 40 + x. Suppose -4*m + 1 + l = 0. What are the prime factors of m?
5
Suppose 0 = 4*c + 2*x + 32, 4*x = -0*x. Let j be (-18)/c - 2/8. What are the prime factors of (14/21)/(j/9)?
3
Let m be (-3*(-16)/12)/2. Let b(r) = -r**2 + r + 2. Let w be b(0). Suppose -2*a + 0*a = -m*q, 0 = -4*a + 3*q + w. What are the prime factors of a?
2
Suppose 8 - 3 = s. Suppose -s*n = 5*m - 475, 3*m - 477 = -n - 4*n. Let i = n - 61. What are the prime factors of i?
5, 7
Let w be (-1)/(-2) - (-6)/4. Suppose l + w*l = -30. List the prime factors of (-954)/(-45) + 2/l.
3, 7
Let q be 3/(-7) + 8524/28 + 2. Suppose 3*k - q = 3*v, -5*v - 24 = 5*k - 534. What are the prime factors of k?
2, 3, 17
Suppose 4*z - 20 = -4*n, -3*n + 1 = 4*z - 19. Suppose 3*t + 4*q - 5 - 3 = 0, n = -4*t + q + 17. Suppose 59 - 23 = t*b. What are the prime factors of b?
3
Let o be (2/14 - 169/(-91)) + 1. List the prime factors of (12/(-18) - (-122)/o) + -1.
3, 13
Let d be (2 - (-130)/(-4))*-3*4. Suppose d = 2*x - 4*p, 0 = -3*x - x + 4*p + 724. What are the prime factors of x?
179
What are the prime factors of 42888/108 - (-1 - -2)/9?
397
Let r be -20*((-52)/10 - -1) + 0. Suppose 4*g - 28 = r. What are the prime factors of g?
2, 7
Let n(z) = -z**3 + 3*z**2 + 8*z + 3. Let c be n(5). What are the prime factors of (c/(-2) - 4)*-118?
59
Suppose 4*k = -3 - 5. Let m be 1/k + (-15)/10. Let f(t) = -9*t**3 + 4. List the prime factors of f(m).
2, 19
Suppose -j - 8*g = -9*g - 25, 0 = 6*g. List the prime factors of j.
5
Suppose -12*i = -346 - 278. What are the prime factors of i?
2, 13
Let x = 731 - -1653. List the prime factors of x.
2, 149
Let d = 5 - 1. Suppose -3*q + 0*q = d*y - 328, 0 = -4*y + q + 328. What are the prime factors of y?
2, 41
Let y(d) = 4 - 31*d**2 - 25*d**2 + 19*d + 55*d**2. List the prime factors of y(15).
2
Let h = 17 - 12. Suppose 0 = h*t - 4*t - 3. Suppose 2*p = -t*i + 32, -5*i - p = -2*i - 34. What are the prime factors of i?
2, 3
Suppose 3*q + 84 = 3*m, 0 = -4*q - 4*m + 3*m - 102. Let l be q + -3 + (-12)/(-3). List the prime factors of 6/(1*(-10)/l).
3, 5
Suppose 441 = 2*d - 279. What are the prime factors of d?
2, 3, 5
Let x(g) = g**3 + 2*g**2 - 3*g + 1. Let i = 7 + -10. Let b be x(i). List the prime factors of b - (-1 + -3 - -3).
2
Let b(m) = m**3 + 10*m**2 - 2*m + 15. Suppose 3*i - 4*i - 10 = 0. What are the prime factors of b(i)?
5, 7
Let z = -603 + 950. List the prime factors of z.
347
Let t(h) = 3*h**2 + 3. Suppose -v - 13 = -0. Let l = 10 + v. What are the prime factors of t(l)?
2, 3, 5
Let a(r) = 94*r**3 - 2*r**2 + r. Let i be a(1). What are the prime factors of 24/(-96) + i/4?
23
Suppose -12*z = -13*z + 109. List the prime factors of z.
109
Let y(j) be the first derivative of -2/3*j**3 - 5*j - 2*j**2 + 1/4*j**4 + 4. List the prime factors of y(4).
11
Let q(l) = 2671*l**2 + 39*l - 37. List the prime factors of q(1).
3, 11
Let o(c) = c**2 - 3*c + 14. Let x be o(-7). Let b = x - 14. What are the prime factors of b?
2, 5, 7
Suppose 0 